{"id":886,"date":"2017-11-27T11:29:54","date_gmt":"2017-11-27T10:29:54","guid":{"rendered":"http:\/\/www.anhaenger-lueneburg.de\/?page_id=886"},"modified":"2017-11-27T11:39:33","modified_gmt":"2017-11-27T10:39:33","slug":"technische-daten-anhaenger-plane-gebremst-1300kg","status":"publish","type":"page","link":"https:\/\/www.anhaenger-lueneburg.de\/?page_id=886","title":{"rendered":"Technische Daten Anh\u00e4nger, Plane, gebremst, 1300kg"},"content":{"rendered":"<h2>Technische Daten des Planenanh\u00e4ngers(1300 kg)<\/h2>\n<ul>\n<li>100km\/h Zulassung<\/li>\n<li>13-pol. Stecker<\/li>\n<li>Zul\u00e4ssiges Gesamtgewicht: 1300 kg<\/li>\n<li>Zuladung: 960 kg<\/li>\n<li>St\u00fctzlast: 75 kg<\/li>\n<\/ul>\n<p style=\"padding-left: 30px;\">Ma\u00dfe der Ladefl\u00e4che:<\/p>\n<ul>\n<li>L\u00e4nge: 3000 mm<\/li>\n<li>Breite: 1500 mm<\/li>\n<li>H\u00f6he: 1600 mm<\/li>\n<\/ul>\n<p>&nbsp;<\/p>\n","protected":false},"excerpt":{"rendered":"<p>Technische Daten des Planenanh\u00e4ngers(1300 kg) 100km\/h Zulassung 13-pol. Stecker Zul\u00e4ssiges Gesamtgewicht: 1300 kg Zuladung: 960 kg St\u00fctzlast: 75 kg Ma\u00dfe der Ladefl\u00e4che: L\u00e4nge: 3000 mm Breite: 1500 mm H\u00f6he: 1600 mm &nbsp;<\/p>\n","protected":false},"author":1,"featured_media":0,"parent":0,"menu_order":0,"comment_status":"closed","ping_status":"closed","template":"templates\/template-full-notitle.php","meta":{"footnotes":""},"class_list":["post-886","page","type-page","status-publish","hentry","post"],"jetpack_sharing_enabled":true,"_links":{"self":[{"href":"https:\/\/www.anhaenger-lueneburg.de\/index.php?rest_route=\/wp\/v2\/pages\/886","targetHints":{"allow":["GET"]}}],"collection":[{"href":"https:\/\/www.anhaenger-lueneburg.de\/index.php?rest_route=\/wp\/v2\/pages"}],"about":[{"href":"https:\/\/www.anhaenger-lueneburg.de\/index.php?rest_route=\/wp\/v2\/types\/page"}],"author":[{"embeddable":true,"href":"https:\/\/www.anhaenger-lueneburg.de\/index.php?rest_route=\/wp\/v2\/users\/1"}],"replies":[{"embeddable":true,"href":"https:\/\/www.anhaenger-lueneburg.de\/index.php?rest_route=%2Fwp%2Fv2%2Fcomments&post=886"}],"version-history":[{"count":4,"href":"https:\/\/www.anhaenger-lueneburg.de\/index.php?rest_route=\/wp\/v2\/pages\/886\/revisions"}],"predecessor-version":[{"id":899,"href":"https:\/\/www.anhaenger-lueneburg.de\/index.php?rest_route=\/wp\/v2\/pages\/886\/revisions\/899"}],"wp:attachment":[{"href":"https:\/\/www.anhaenger-lueneburg.de\/index.php?rest_route=%2Fwp%2Fv2%2Fmedia&parent=886"}],"curies":[{"name":"wp","href":"https:\/\/api.w.org\/{rel}","templated":true}]}}